- 7*q - 5. Calculate g(-5).
5
Let o(l) = -l**3 + l - 18. Calculate o(0).
-18
Let g(f) = -8*f + 5. Calculate g(2).
-11
Let u(a) = -a**2 + 27*a - 16. Give u(11).
160
Let j(r) = 108*r**2 - r. What is j(1)?
107
Let u(b) = -64*b - 12. Calculate u(2).
-140
Let j(x) = x**3 - 70*x**2 + 5. Calculate j(70).
5
Let i(f) = -18*f. Give i(1).
-18
Let c(j) = -j**2 - 71*j + 1008. What is c(12)?
12
Let w(m) = m**2 + 29*m + 177. Calculate w(-8).
9
Let r(a) = -a**2 + 12*a + 14. What is r(11)?
25
Let p(z) = -5*z - 15. Give p(-6).
15
Let i(l) = 5*l**2 + 22*l - 19. Give i(-5).
-4
Let q(t) = 2*t + 24. Determine q(-11).
2
Let s(d) = -d**2 - 3*d + 11. Give s(5).
-29
Let b(d) = d**3 + 2*d**2 - 4*d - 6. What is b(-3)?
-3
Let a(g) = -2*g**2 - 7*g + 7. Determine a(-3).
10
Let g(j) = 3*j**2 - 16*j + 2. Give g(5).
-3
Let x(l) = l**2 + 7*l + 11. Calculate x(-9).
29
Let k(q) = q**3 - 4*q**2 - 3*q + 4. Calculate k(5).
14
Let c(w) = 13*w - 59. Give c(5).
6
Let x(c) = 5*c**2 - 12*c - 14. Calculate x(-1).
3
Let n(r) = -2*r**2 - 16*r + 4. What is n(-6)?
28
Let q(p) = -p**2 + 3*p - 2. Give q(5).
-12
Let s(u) = 7*u + 11. What is s(13)?
102
Let s(c) = -28*c - 86. Determine s(-3).
-2
Let j(o) = -2*o**2 - 27*o - 101. Calculate j(-9).
-20
Let q(m) = -6*m**3 - m**2 - 2*m - 1. Calculate q(-1).
6
Let u(f) = -3*f + 10. Determine u(4).
-2
Let l(i) = -2*i**3 - 3*i**2 + 3*i + 1. Give l(3).
-71
Let f(i) = 8*i + 46. Determine f(-6).
-2
Let m(i) = 6*i + 6. Give m(6).
42
Let g(h) = 3*h**3 - 11*h**2 - 9*h + 2. Calculate g(-1).
-3
Let o(r) = -r**2 - 13*r - 32. Determine o(-6).
10
Let u(w) = -4*w**2 + 9*w - 7. Calculate u(1).
-2
Let p(z) = -2*z + 15. Determine p(10).
-5
Let y(n) = 3*n**2 - 15*n + 10. What is y(4)?
-2
Let z(b) = 71*b + 4. Determine z(1).
75
Let t(l) = 8*l + 253. What is t(-35)?
-27
Let l(r) = r**2 - 2*r - 181. Determine l(-13).
14
Let q(v) = v**3 + 7*v**2 - v - 10. What is q(-7)?
-3
Let q(o) = -o**2 - 22*o - 44. What is q(-19)?
13
Let m(h) = 3*h + 6. Calculate m(-4).
-6
Let b(q) = 14*q**2 + q. Calculate b(-1).
13
Let w(u) = 2*u**2 + 12*u + 21. Determine w(-8).
53
Let t(j) = -j**2 + 25*j - 84. Calculate t(21).
0
Let r(f) = f**2 - f + 3. Give r(-3).
15
Let d(p) = -2*p**2 - 9*p - 32. Determine d(-6).
-50
Let v(n) = n**3 + 31*n**2 + 4*n + 7. What is v(-31)?
-117
Let z(h) = h**2 - 7*h - 16. Calculate z(6).
-22
Let z(o) = o**3 + 25*o**2 - 5*o - 24. Calculate z(-25).
101
Let a(u) = u - 14. Calculate a(16).
2
Let c(n) = n**3 + 6*n**2 - 27*n + 10. What is c(-9)?
10
Let r(a) = -28*a - 176. Calculate r(-6).
-8
Let t(p) = p**2 - 2*p - 5. Give t(-5).
30
Let b(a) = -6*a + 148. Give b(22).
16
Let m(j) = -j**2 + 7*j + 11. What is m(12)?
-49
Let l(x) = -x + 4. Determine l(6).
-2
Let m(k) = -k**2 - 27*k - 25. Calculate m(-26).
1
Let r(z) = -9*z**3 + z. Give r(-1).
8
Let t(s) = s**3 - 18*s**2 + 20*s - 47. Determine t(17).
4
Let i(d) = d**2 + 9*d + 9. Give i(-5).
-11
Let s(w) = w**3 + 10*w**2 - 27*w - 30. Calculate s(-12).
6
Let f(c) = 2*c**2 - 13*c + 1. Determine f(8).
25
Let b(z) = -23*z**2 + 4*z + 9. Determine b(-2).
-91
Let q(n) = 6*n + 3. Determine q(-3).
-15
Let v(o) = o**3 - 7*o**2 - 5. Give v(7).
-5
Let x(m) = 18*m + 10. What is x(-3)?
-44
Let k(c) = -106*c - 77. Calculate k(-1).
29
Let d(p) = p + 3. Calculate d(5).
8
Let k(i) = 2*i**3 - 21*i**2 - 9*i - 22. Determine k(11).
0
Let q(n) = n**2 - 3*n + 7. Give q(5).
17
Let p(f) = f**3 - 14*f**2 + 13*f - 2. Determine p(13).
-2
Let t(i) = -i**3 - 8*i**2 - 12*i - 24. What is t(-7)?
11
Let j(k) = k**2 + 5*k - 8. Calculate j(6).
58
Let i(q) = -q**2 + 19*q - 37. Calculate i(15).
23
Let h(v) = -v**3 + 2*v**2 + 3*v. Give h(4).
-20
Let k(m) = 2*m**2 + 39*m - 40. Give k(-19).
-59
Let x(j) = 14*j - 52. Give x(6).
32
Let c(y) = y**2 - 19*y - 43. Calculate c(21).
-1
Let b(m) = -m**3 - 8*m**2 - 6*m - 56. What is b(-8)?
-8
Let i(b) = 5*b - 171. Give i(32).
-11
Let m(y) = y**2 + 3. What is m(-4)?
19
Let l(d) = -d + 6. What is l(0)?
6
Let i(r) = r**3 - 5*r**2 - r + 8. Give i(5).
3
Let m(w) = w**2 - 8*w - 55. Give m(12).
-7
Let u(n) = -n**3 + 4*n**2 + 5*n - 8. What is u(4)?
12
Let w(f) = -f**3 - 3*f**2 - 5*f - 1. Give w(-2).
5
Let h(x) = 3*x - 33. What is h(3)?
-24
Let j(i) = 6*i**3 + 2*i**2 + 2*i. Give j(-2).
-44
Let b(x) = x**2 + 11*x + 10. Calculate b(-11).
10
Let k(d) = -8*d + 69. Give k(12).
-27
Let j(k) = k**3 - 2*k**2 + 2*k + 5. Determine j(-3).
-46
Let z(t) = -3*t**2 - 43. What is z(0)?
-43
Let n(s) = -s**2 - 2*s. Give n(-3).
-3
Let m(y) = y**3 - 11*y**2 - 23*y + 4. What is m(13)?
43
Let v(j) = 8*j + 61. Give v(-7).
5
Let p(x) = x**2 - 4*x - 6. Determine p(6).
6
Let n(q) = 4*q**2 - 18*q + 13. Determine n(7).
83
Let h(t) = t**3 - 8*t**2 + 4*t - 2. Calculate h(4).
-50
Let q(l) = 30*l + 4. Calculate q(2).
64
Let g(p) = p**3 - 5*p**2 - 2*p. Calculate g(5).
-10
Let f(m) = 2*m - 10. Determine f(10).
10
Let m(t) = -3*t**2 - 6*t - 1. Determine m(-2).
-1
Let q(b) = b**2 - 25*b + 64. Give q(22).
-2
Let b(q) = q**3 - 8*q**2 - 14*q - 9. Give b(9).
-54
Let m(l) = 2*l**2 - 12*l - 9. Give m(9).
45
Let j(s) = 4*s**2 + s - 2. Calculate j(4).
66
Let l(j) = 3*j + 11. Give l(-3).
2
Let s(p) = -28*p + 15. Give s(-2).
71
Let t(u) = u**3 + 9*u**2 + 9*u - 21. Determine t(-8).
-29
Let w(d) = 2*d**3 + d**2 - 4*d. What is w(-3)?
-33
Let v(n) = n + 66. Determine v(-9).
57
Let f(r) = -r**3 - 2*r**2 + 2*r - 2. Give f(-4).
22
Let k(u) = -u**3 - 4*u**2 + u. What is k(-4)?
-4
Let g(o) = o**3 + 6*o**2 + 4*o + 2. Determine g(-5).
7
Let o(k) = -k**3 - 9. What is o(0)?
-9
Let u(a) = -a - 3. Give u(-4).
1
Let x(v) = -8*v**3 + v**2. Calculate x(1).
-7
Let d(u) = -u**3 - 81*u**2 - 158*u - 7. Give d(-79).
-7
Let g(b) = 2*b**2 + 13*b + 3. Calculate g(-10).
73
Let p(f) = -6*f + 7. Calculate p(-3).
25
Let c(a) = -a**3 - 7*a**2 - 3*a - 14. Calculate c(-7).
7
Let n(i) = -i**3 + 3*i**2 - 2*i + 5. Determine n(4).
-19
Let t(o) = -4*o - 46. Determine t(-10).
-6
Let z(k) = -6*k + 17. Give z(10).
-43
Let r(w) = w**3 - 5*w**2 - 3*w - 3. Determine r(5).
-18
Let v(t) = -22*t + 48. Determine v(2).
4
Let m(t) = -t**3 - 16*t**2 + 2*t + 22. Determine m(-16).
-10
Let a(v) = v**3 + v**2 - 51*v + 27. Calculate a(-8).
-13
Let y(o) = 36*o + 1446. Determine y(-40).
6
Let o(c) = 2*c**3 - 27*c**2 + 12*c + 10. What is o(13)?
-3
Let j(u) = -u**2 - 13*u - 27. Determine j(-7).
15
Let g(x) = 3*x**2 - 54*x. Calculate g(18).
0
Let v(j) = -7*j + 22. Calculate v(13).
-69
Let v(w) = -2*w - 4. Determine v(-8).
12
Let j(p) = -p**3 - 5*p**2 + 5*p - 13. What is j(-6)?
-7
Let c(n) = -5*n**2 + 2*n - 1. What is c(1)?
-4
Let b(d) = d**2 + 4*d - 2. What is b(-4)?
-2
Let b(h) = -h**2 - 15*h + 29. Determine b(-16).
13
Let s(d) = 5*d**2 + 26*d - 9. Give s(-5).
-14
Let x(u) = -u**3 - 9*u**2 - 15*u. Give x(-7).
7
Let g(w) = 14*w - 17. Give g(3).
25
Let k(o) = o**3 - 8*o**2 + 9*o + 7. Determine k(7).
21
Let s(d) = d + 14. Determine s(1).
15
Let g(r) = 2*r**2 - 4*r - 5. Give g(0).
-5
Let h(s) = s**2 + 16*s + 12. What is h(-16)?
12
Let a(b) = b**2 - 22*b + 74. Give a(18).
2
Let s(w) = w**2 + 13*w + 15. Calculate s(-14).
29
Let q(v) = 12*v**2 + 4*v + 5. What is q(-1)?
13
Let c(j) = -2*j**3 - 13*j**2 - 27. What is c(-7)?
22
Let u(x) = -5*x - 14. What is u(-3)?
1
Let f(v) = v + 7. Give f(-7).
0
Let d(w) = 2*w - 37. Calculate d(18).
-1
Let u(c) = -7*c + 186. What is u(26)?
4
Let l(w) = 5*w - 14. Give l(4).
6
Let s(g) = g**2 + 4*g - 7. Calculate s(-8).
25
Let d(o) = -o + 17. Determine d(24).
-7
Let q(n) = -7*n - 36. What is q(-5)?
-1
Let o(c) = 7*c + 7. What is o(-3)?
-14
Let h(q) = -q**2 + 14*q - 12. Determine h(12).
12
Let n(p) = p - 16. What is n(10)?
-6
Let q(s) = -7*s + 17. Calculate q(5).
-18
Let t(w) = -3*w**3 - 12*w**2 - 4*w + 6. Determine t(-5).
101
Let o(v) = 3*v**2 - 9*v + 12. What is o(4)?
24
Let i(f) = -5*f**2 - 22*f - 18. Determine i(-4).
-10
Let q(k) = k**2 + 3*k - 5. Calculate q(-2).
-7
Let o(a) = -2*a - 2. What is o(1)?
-4
Let j(d) = -d**2 - 43*d + 301. Determine j(-49).
7
Let k(h) = -18*h**3 - 2*h + 2. What is k(1)?
-18
Let f(g) = 3*g + 5. Give f(4).
17
Let b(q) = -q**3 + 7*q**2 + 2*q - 6. What is b(7)?
8
Let f(q) = -q**3 - 2*q**2 + 1. Give f(-3).
10
Let v(l) = l**2 - 20*l + 35. What is v(15)?
-40
Let a(o) = o**2 - 11*o + 12. Give a(8).
-12
Let z(k) = k**3 - 10*k**2 + 4*k + 1. What is z(8)?
-95
Let h(j) = 47*j + 41. Calculate h(-1).
-